{"id":27,"date":"2017-06-07T11:26:31","date_gmt":"2017-06-07T09:26:31","guid":{"rendered":"https:\/\/www.motorradvermietung.de\/frankfurt\/?page_id=27"},"modified":"2026-03-18T10:34:44","modified_gmt":"2026-03-18T09:34:44","slug":"zubehoer","status":"publish","type":"page","link":"https:\/\/www.motorradvermietung.de\/frankfurt\/de\/zubehoer","title":{"rendered":"Zubeh\u00f6r"},"content":{"rendered":"<p>Zus\u00e4tzlich zu den Motorr\u00e4dern k\u00f6nnen Sie auch folgendes Zubeh\u00f6r bei uns leihen. Sollten Sie weiteres Equipment ben\u00f6tigen, helfen wir Ihnen gerne weiter. Sprechen Sie uns an &#8211; wir beraten Sie gerne!<\/p>\n<p><strong>Gep\u00e4ckaufbewahrung:<\/strong> W\u00e4hrend Ihrer Reise k\u00f6nnen Sie Ihre nicht ben\u00f6tigten Koffer \/ Taschen bei uns kostenfrei Lagern.<\/p>\n<table border=\"0\" width=\"100%\">\n<thead>\n<tr>\n<th>Zubeh\u00f6r<\/th>\n<th>pro Tag<\/th>\n<th>pro Woche<\/th>\n<th>pro Vermietung<\/th>\n<\/tr>\n<\/thead>\n<tbody>\n<tr>\n<td>Jacke<\/td>\n<td>13,00 \u20ac<\/td>\n<td>50,00 \u20ac<\/td>\n<td>&#8211;<\/td>\n<\/tr>\n<tr>\n<td>Handschuhe<\/td>\n<td>5,00 \u20ac<\/td>\n<td>20,00 \u20ac<\/td>\n<td>&#8211;<\/td>\n<\/tr>\n<tr>\n<td>Apple Carplay\/Android Auto Navi<\/td>\n<td>&#8211;<\/td>\n<td>&#8211;<\/td>\n<td>60,00 \u20ac<\/td>\n<\/tr>\n<tr>\n<td>Softbags<\/td>\n<td>5,00 \u20ac<\/td>\n<td>30,00 \u20ac<\/td>\n<td>&#8211;<\/td>\n<\/tr>\n<tr>\n<td>Helm<\/td>\n<td>5,00 \u20ac<\/td>\n<td>20,00 \u20ac<\/td>\n<td>&#8211;<\/td>\n<\/tr>\n<tr>\n<td>Sidecases \/ Koffer (pro Paar)<\/td>\n<td>8,00 \u20ac<\/td>\n<td>40,00 \u20ac<\/td>\n<td>&#8211;<\/td>\n<\/tr>\n<tr>\n<td>Handyhalterung<\/td>\n<td>5,00 \u20ac<\/td>\n<td>20,00 \u20ac<\/td>\n<td>&#8211;<\/td>\n<\/tr>\n<tr>\n<td>Topcase<\/td>\n<td>5,00 \u20ac<\/td>\n<td>30,00 \u20ac<\/td>\n<td>&#8211;<\/td>\n<\/tr>\n<tr>\n<td>Regenhose<\/td>\n<td>2,50 \u20ac<\/td>\n<td>10,00 \u20ac<\/td>\n<td>&#8211;<\/td>\n<\/tr>\n<tr>\n<td><\/td>\n<td><\/td>\n<td><\/td>\n<td><\/td>\n<\/tr>\n<tr>\n<td colspan=\"4\">Pauschalpreise f\u00fcr Langzeitmieten auf Anfrage.<\/td>\n<\/tr>\n<\/tbody>\n<\/table>\n<p><\/p>","protected":false},"excerpt":{"rendered":"<p>Zus\u00e4tzlich zu den Motorr\u00e4dern k\u00f6nnen Sie auch folgendes Zubeh\u00f6r bei uns leihen. Sollten Sie weiteres Equipment ben\u00f6tigen, helfen wir Ihnen gerne weiter. Sprechen Sie uns an &#8211; wir beraten Sie gerne! Gep\u00e4ckaufbewahrung: W\u00e4hrend Ihrer Reise k\u00f6nnen Sie Ihre nicht ben\u00f6tigten Koffer \/ Taschen bei uns kostenfrei Lagern. Zubeh\u00f6r pro Tag pro Woche pro Vermietung Jacke [&hellip;]<\/p>\n","protected":false},"author":1,"featured_media":0,"parent":0,"menu_order":0,"comment_status":"closed","ping_status":"closed","template":"","meta":{"footnotes":""},"class_list":["post-27","page","type-page","status-publish","hentry"],"aioseo_notices":[],"_links":{"self":[{"href":"https:\/\/www.motorradvermietung.de\/frankfurt\/de\/wp-json\/wp\/v2\/pages\/27","targetHints":{"allow":["GET"]}}],"collection":[{"href":"https:\/\/www.motorradvermietung.de\/frankfurt\/de\/wp-json\/wp\/v2\/pages"}],"about":[{"href":"https:\/\/www.motorradvermietung.de\/frankfurt\/de\/wp-json\/wp\/v2\/types\/page"}],"author":[{"embeddable":true,"href":"https:\/\/www.motorradvermietung.de\/frankfurt\/de\/wp-json\/wp\/v2\/users\/1"}],"replies":[{"embeddable":true,"href":"https:\/\/www.motorradvermietung.de\/frankfurt\/de\/wp-json\/wp\/v2\/comments?post=27"}],"version-history":[{"count":19,"href":"https:\/\/www.motorradvermietung.de\/frankfurt\/de\/wp-json\/wp\/v2\/pages\/27\/revisions"}],"predecessor-version":[{"id":446,"href":"https:\/\/www.motorradvermietung.de\/frankfurt\/de\/wp-json\/wp\/v2\/pages\/27\/revisions\/446"}],"wp:attachment":[{"href":"https:\/\/www.motorradvermietung.de\/frankfurt\/de\/wp-json\/wp\/v2\/media?parent=27"}],"curies":[{"name":"wp","href":"https:\/\/api.w.org\/{rel}","templated":true}]}}

Zubehör

<p>Zusätzlich zu den Motorrädern können Sie auch folgendes Zubehör bei uns leihen. Sollten Sie weiteres Equipment benötigen, helfen wir Ihnen gerne weiter. Sprechen Sie uns an &#8211; wir beraten Sie gerne!</p>
<p><strong>Gepäckaufbewahrung:</strong> Während Ihrer Reise können Sie Ihre nicht benötigten Koffer / Taschen bei uns kostenfrei Lagern.</p>
<table border="0" width="100%">
<thead>
<tr>
<th>Zubehör</th>
<th>pro Tag</th>
<th>pro Woche</th>
<th>pro Vermietung</th>
</tr>
</thead>
<tbody>
<tr>
<td>Jacke</td>
<td>13,00 €</td>
<td>50,00 €</td>
<td>&#8211;</td>
</tr>
<tr>
<td>Handschuhe</td>
<td>5,00 €</td>
<td>20,00 €</td>
<td>&#8211;</td>
</tr>
<tr>
<td>Apple Carplay/Android Auto Navi</td>
<td>&#8211;</td>
<td>&#8211;</td>
<td>60,00 €</td>
</tr>
<tr>
<td>Softbags</td>
<td>5,00 €</td>
<td>30,00 €</td>
<td>&#8211;</td>
</tr>
<tr>
<td>Helm</td>
<td>5,00 €</td>
<td>20,00 €</td>
<td>&#8211;</td>
</tr>
<tr>
<td>Sidecases / Koffer (pro Paar)</td>
<td>8,00 €</td>
<td>40,00 €</td>
<td>&#8211;</td>
</tr>
<tr>
<td>Handyhalterung</td>
<td>5,00 €</td>
<td>20,00 €</td>
<td>&#8211;</td>
</tr>
<tr>
<td>Topcase</td>
<td>5,00 €</td>
<td>30,00 €</td>
<td>&#8211;</td>
</tr>
<tr>
<td>Regenhose</td>
<td>2,50 €</td>
<td>10,00 €</td>
<td>&#8211;</td>
</tr>
<tr>
<td></td>
<td></td>
<td></td>
<td></td>
</tr>
<tr>
<td colspan="4">Pauschalpreise für Langzeitmieten auf Anfrage.</td>
</tr>
</tbody>
</table>
<p></p>

<p>Zusätzlich zu den Motorrädern können Sie auch folgendes Zubehör bei uns leihen. Sollten Sie weiteres Equipment benötigen, helfen wir Ihnen gerne weiter. Sprechen Sie uns an &#8211; wir beraten Sie gerne! Gepäckaufbewahrung: Während Ihrer Reise können Sie Ihre nicht benötigten Koffer / Taschen bei uns kostenfrei Lagern. Zubehör pro Tag pro Woche pro Vermietung Jacke [&hellip;]</p>
