{"id":204,"date":"2017-10-09T12:54:07","date_gmt":"2017-10-09T10:54:07","guid":{"rendered":"https:\/\/www.motorradvermietung.de\/frankfurt\/?page_id=204"},"modified":"2021-02-15T14:54:33","modified_gmt":"2021-02-15T13:54:33","slug":"haeufig-gestellte-fragen","status":"publish","type":"page","link":"https:\/\/www.motorradvermietung.de\/frankfurt\/pt\/haeufig-gestellte-fragen","title":{"rendered":"Perguntas frequentes"},"content":{"rendered":"<p><\/p>\n<h2><span class=\"short_text\" lang=\"pt\"><span class=\"\">Como fa\u00e7o uma reserva?<\/span><\/span><\/h2>\n<ol>\n<li>Voc\u00ea escolhe sua moto e envie-nos seu pedido online.<\/li>\n<li>N\u00f3s lhe enviaremos um link para o formul\u00e1rio de reserva por e-mail.<\/li>\n<li>Voc\u00ea ir\u00e1 devolver o formul\u00e1rio preenchido com os seus dados pessoais e seu cart\u00e3o de cr\u00e9dito.<\/li>\n<li>N\u00f3s descontaremos o dep\u00f3sito do seu cart\u00e3o de cr\u00e9dito e enviaremos a confirma\u00e7\u00e3o final.<\/li>\n<li>Voc\u00ea retira sua motocicleta na data marcada conosco.<\/li>\n<\/ol>\n<p><span id=\"result_box\" class=\"\" lang=\"pt\"><span class=\"\">Uma vis\u00e3o geral dos pre\u00e7os e motocicletas podem ser encontradas em<\/span><\/span> <a href=\"https:\/\/www.motorradvermietung.de\/frankfurt\/pt\/tarife\/\">Tarifas<\/a>.<\/p>\n<h2><span id=\"result_box\" class=\"short_text\" lang=\"pt\"><span class=\"\">Em quais pa\u00edses posso pilotar?<\/span><\/span><\/h2>\n<p><span id=\"result_box\" class=\"\" lang=\"pt\"><span class=\"\">Voc\u00ea pode pilotar para todos os pa\u00edses da <a href=\"https:\/\/europa.eu\/european-union\/about-eu\/countries_de\" target=\"_blank\" rel=\"noopener\">Uni\u00e3o<\/a><a href=\"https:\/\/europa.eu\/european-union\/about-eu\/countries_de\" target=\"_blank\" rel=\"noopener\"> Europ\u00e9ia <\/a>, assim Su\u00ed\u00e7a, Noruega e Esc\u00f3cia.<\/span><\/span><\/p>\n<p><span id=\"result_box\" class=\"\" lang=\"pt\"><span class=\"\">Se voc\u00ea deseja ir para outros pa\u00edses,<span style=\"color: #cc1717;\"> <a href=\"https:\/\/www.motorradvermietung.de\/frankfurt\/pt\/kontakt\/\">entre em contato conosco<\/a><br \/>\n<\/span><\/span><\/span><\/p>\n<h2><span id=\"result_box\" class=\"\" lang=\"pt\"><span class=\"\">Armazenamento de bagagem: Posso guardar minhas malas na Allround?<\/span><\/span><\/h2>\n<p><span id=\"result_box\" class=\"\" lang=\"pt\"><span class=\"\">Sim, voc\u00ea pode armazenar sua bagagem desnecess\u00e1ria durante a sua viagem conosco sem custos adicionais.<\/span><\/span><\/p>","protected":false},"excerpt":{"rendered":"<p>Como fa\u00e7o uma reserva? Voc\u00ea escolhe sua moto e envie-nos seu pedido online. N\u00f3s lhe enviaremos um link para o formul\u00e1rio de reserva por e-mail. Voc\u00ea ir\u00e1 devolver o formul\u00e1rio preenchido com os seus dados pessoais e seu cart\u00e3o de cr\u00e9dito. N\u00f3s descontaremos o dep\u00f3sito do seu cart\u00e3o de cr\u00e9dito e enviaremos a confirma\u00e7\u00e3o final. [&hellip;]<\/p>\n","protected":false},"author":1,"featured_media":0,"parent":0,"menu_order":0,"comment_status":"closed","ping_status":"closed","template":"","meta":{"footnotes":""},"class_list":["post-204","page","type-page","status-publish","hentry"],"aioseo_notices":[],"_links":{"self":[{"href":"https:\/\/www.motorradvermietung.de\/frankfurt\/pt\/wp-json\/wp\/v2\/pages\/204","targetHints":{"allow":["GET"]}}],"collection":[{"href":"https:\/\/www.motorradvermietung.de\/frankfurt\/pt\/wp-json\/wp\/v2\/pages"}],"about":[{"href":"https:\/\/www.motorradvermietung.de\/frankfurt\/pt\/wp-json\/wp\/v2\/types\/page"}],"author":[{"embeddable":true,"href":"https:\/\/www.motorradvermietung.de\/frankfurt\/pt\/wp-json\/wp\/v2\/users\/1"}],"replies":[{"embeddable":true,"href":"https:\/\/www.motorradvermietung.de\/frankfurt\/pt\/wp-json\/wp\/v2\/comments?post=204"}],"version-history":[{"count":16,"href":"https:\/\/www.motorradvermietung.de\/frankfurt\/pt\/wp-json\/wp\/v2\/pages\/204\/revisions"}],"predecessor-version":[{"id":305,"href":"https:\/\/www.motorradvermietung.de\/frankfurt\/pt\/wp-json\/wp\/v2\/pages\/204\/revisions\/305"}],"wp:attachment":[{"href":"https:\/\/www.motorradvermietung.de\/frankfurt\/pt\/wp-json\/wp\/v2\/media?parent=204"}],"curies":[{"name":"wp","href":"https:\/\/api.w.org\/{rel}","templated":true}]}}

<p></p>
<h2><span class="short_text" lang="pt"><span class="">Como faço uma reserva?</span></span></h2>
<ol>
<li>Você escolhe sua moto e envie-nos seu pedido online.</li>
<li>Nós lhe enviaremos um link para o formulário de reserva por e-mail.</li>
<li>Você irá devolver o formulário preenchido com os seus dados pessoais e seu cartão de crédito.</li>
<li>Nós descontaremos o depósito do seu cartão de crédito e enviaremos a confirmação final.</li>
<li>Você retira sua motocicleta na data marcada conosco.</li>
</ol>
<p><span id="result_box" class="" lang="pt"><span class="">Uma visão geral dos preços e motocicletas podem ser encontradas em</span></span> <a href="https://www.motorradvermietung.de/frankfurt/pt/tarife/">Tarifas</a>.</p>
<h2><span id="result_box" class="short_text" lang="pt"><span class="">Em quais países posso pilotar?</span></span></h2>
<p><span id="result_box" class="" lang="pt"><span class="">Você pode pilotar para todos os países da <a href="https://europa.eu/european-union/about-eu/countries_de" target="_blank" rel="noopener">União</a><a href="https://europa.eu/european-union/about-eu/countries_de" target="_blank" rel="noopener"> Européia </a>, assim Suíça, Noruega e Escócia.</span></span></p>
<p><span id="result_box" class="" lang="pt"><span class="">Se você deseja ir para outros países,<span style="color: #cc1717;"> <a href="https://www.motorradvermietung.de/frankfurt/pt/kontakt/">entre em contato conosco</a><br />
</span></span></span></p>
<h2><span id="result_box" class="" lang="pt"><span class="">Armazenamento de bagagem: Posso guardar minhas malas na Allround?</span></span></h2>
<p><span id="result_box" class="" lang="pt"><span class="">Sim, você pode armazenar sua bagagem desnecessária durante a sua viagem conosco sem custos adicionais.</span></span></p>

<p>Como faço uma reserva? Você escolhe sua moto e envie-nos seu pedido online. Nós lhe enviaremos um link para o formulário de reserva por e-mail. Você irá devolver o formulário preenchido com os seus dados pessoais e seu cartão de crédito. Nós descontaremos o depósito do seu cartão de crédito e enviaremos a confirmação final. [&hellip;]</p>
