{"id":21,"date":"2017-06-07T11:25:29","date_gmt":"2017-06-07T09:25:29","guid":{"rendered":"https:\/\/www.motorradvermietung.de\/frankfurt\/?page_id=21"},"modified":"2025-12-01T18:03:14","modified_gmt":"2025-12-01T17:03:14","slug":"tarife","status":"publish","type":"page","link":"https:\/\/www.motorradvermietung.de\/frankfurt\/pt\/tarife","title":{"rendered":"Tarifas"},"content":{"rendered":"<p><\/p>\n<p class=\"editor__intro\"><span id=\"result_box\" class=\"\" lang=\"pt\">N\u00f3s oferecemos nossas motocicletas em diferentes tarifas. A tarifa 1 \u00e9 a tarifa mais barata. <span class=\"\">A tarifa 9 inclui as motocicletas mais exclusivas.<\/span><\/span><\/p>\n<p><span id=\"result_box\" class=\"\" lang=\"pt\"><span class=\"\">Uma vis\u00e3o geral de todas as motocicletas pode ser encontrada<\/span><\/span> <a href=\"\/frankfurt\/pt\/motorraeder\/\">Aqui<\/a>.<\/p>","protected":false},"excerpt":{"rendered":"<p>N\u00f3s oferecemos nossas motocicletas em diferentes tarifas. A tarifa 1 \u00e9 a tarifa mais barata. A tarifa 9 inclui as motocicletas mais exclusivas. Uma vis\u00e3o geral de todas as motocicletas pode ser encontrada Aqui.<\/p>\n","protected":false},"author":1,"featured_media":0,"parent":0,"menu_order":0,"comment_status":"closed","ping_status":"closed","template":"page-tarif.php","meta":{"footnotes":""},"class_list":["post-21","page","type-page","status-publish","hentry"],"aioseo_notices":[],"_links":{"self":[{"href":"https:\/\/www.motorradvermietung.de\/frankfurt\/pt\/wp-json\/wp\/v2\/pages\/21","targetHints":{"allow":["GET"]}}],"collection":[{"href":"https:\/\/www.motorradvermietung.de\/frankfurt\/pt\/wp-json\/wp\/v2\/pages"}],"about":[{"href":"https:\/\/www.motorradvermietung.de\/frankfurt\/pt\/wp-json\/wp\/v2\/types\/page"}],"author":[{"embeddable":true,"href":"https:\/\/www.motorradvermietung.de\/frankfurt\/pt\/wp-json\/wp\/v2\/users\/1"}],"replies":[{"embeddable":true,"href":"https:\/\/www.motorradvermietung.de\/frankfurt\/pt\/wp-json\/wp\/v2\/comments?post=21"}],"version-history":[{"count":13,"href":"https:\/\/www.motorradvermietung.de\/frankfurt\/pt\/wp-json\/wp\/v2\/pages\/21\/revisions"}],"predecessor-version":[{"id":434,"href":"https:\/\/www.motorradvermietung.de\/frankfurt\/pt\/wp-json\/wp\/v2\/pages\/21\/revisions\/434"}],"wp:attachment":[{"href":"https:\/\/www.motorradvermietung.de\/frankfurt\/pt\/wp-json\/wp\/v2\/media?parent=21"}],"curies":[{"name":"wp","href":"https:\/\/api.w.org\/{rel}","templated":true}]}}

<p></p>
<p class="editor__intro"><span id="result_box" class="" lang="pt">Nós oferecemos nossas motocicletas em diferentes tarifas. A tarifa 1 é a tarifa mais barata. <span class="">A tarifa 9 inclui as motocicletas mais exclusivas.</span></span></p>
<p><span id="result_box" class="" lang="pt"><span class="">Uma visão geral de todas as motocicletas pode ser encontrada</span></span> <a href="/frankfurt/pt/motorraeder/">Aqui</a>.</p>

<p>Nós oferecemos nossas motocicletas em diferentes tarifas. A tarifa 1 é a tarifa mais barata. A tarifa 9 inclui as motocicletas mais exclusivas. Uma visão geral de todas as motocicletas pode ser encontrada Aqui.</p>
