{"id":23,"date":"2017-06-07T11:25:47","date_gmt":"2017-06-07T09:25:47","guid":{"rendered":"https:\/\/www.motorradvermietung.de\/frankfurt\/?page_id=23"},"modified":"2021-02-15T14:59:01","modified_gmt":"2021-02-15T13:59:01","slug":"ueber-uns","status":"publish","type":"page","link":"https:\/\/www.motorradvermietung.de\/frankfurt\/pt\/ueber-uns","title":{"rendered":"Sobre n\u00f3s"},"content":{"rendered":"<p><\/p>\n<p class=\"editor__intro\">Allround Rentals \u00e9 uma das empresas de aluguel de motos mais experientes da Alemanha.<\/p>\n<p><img loading=\"lazy\" decoding=\"async\" class=\"alignright size-full\" src=\"https:\/\/www.motorradvermietung.de\/frankfurt\/wp-content\/uploads\/sites\/3\/2017\/11\/frontapge-box-frankfurt-1.png\" alt=\"\" width=\"450\" height=\"464\" \/>H\u00e1 mais de 30 anos, alugamos motocicletas &#8211; desde a motos para iniciantes, Naked, Big Trail\/Adventure, Chopper, Tourer at\u00e9 super esportivas, voc\u00ea tem a op\u00e7\u00e3o de mais de 150 motocicletas.<\/p>\n<p>Seja para um passeio de um dia ou a sonhada viagem pela Europa, n\u00f3s temos a moto certa. Quase todas podem alugadas com malas laterais, top case e sistemas de navega\u00e7\u00e3o.<\/p>\n<p>Estamos a poucos quil\u00f3metros do Aeroporto de Frankfurt, diretamente na sa\u00edda Bad Homburger Kreuz na A5.<br \/>\nAlugamos motocicletas dos fabricantes BMW, KTM, Kawasaki, Harley Davidson, Honda e Yamaha.<\/p>\n<p>Somos motociclistas de paix\u00e3o e experientes &#8211; entre em <a href=\"\/frankfurt\/pt\/buchungsanfrage\/\">contato conosco<\/a>, ser\u00e1 um prazer aconselh\u00e1-lo.<\/p>\n<h2>Alugamos motocicletas desde 1987<\/h2>\n<p>De choppers pequenas, Big Trails\/Adventure at\u00e9 super esportivas. Para iniciantes, experientes e viajadores, oferecemos uma vasta variedade com uma frota de cerca 150 motocicletas. Uma lista de todos os ve\u00edculos pode ser encontrada na vis\u00e3o geral.<\/p>\n<p>Capacetes, jaquetas, sistemas de navega\u00e7\u00e3o, equipamento de chuva, malas e malas de tanque podem ser adicionadas \u00e0 sua moto de escolha. N\u00f3s o equipamos, com tudo o que voc\u00ea precisa para o uma viajem grande ou simples passeio &#8211; clique nos acess\u00f3rios.<\/p>\n<h2>Qualidade e manuten\u00e7\u00e3o<\/h2>\n<p>As motos s\u00e3o revisadas regularmente em nossa oficina e verificadas antes de cada entrega.<\/p>\n<p>Fale com a gente, porque andar de moto \u00e9 nossa paix\u00e3o.<\/p>\n<p><strong>Ser\u00e1 um prazer aconselh\u00e1-lo!<\/strong><\/p>","protected":false},"excerpt":{"rendered":"<p>Allround Rentals \u00e9 uma das empresas de aluguel de motos mais experientes da Alemanha. H\u00e1 mais de 30 anos, alugamos motocicletas &#8211; desde a motos para iniciantes, Naked, Big Trail\/Adventure, Chopper, Tourer at\u00e9 super esportivas, voc\u00ea tem a op\u00e7\u00e3o de mais de 150 motocicletas. Seja para um passeio de um dia ou a sonhada viagem [&hellip;]<\/p>\n","protected":false},"author":1,"featured_media":0,"parent":0,"menu_order":0,"comment_status":"closed","ping_status":"closed","template":"","meta":{"footnotes":""},"class_list":["post-23","page","type-page","status-publish","hentry"],"aioseo_notices":[],"_links":{"self":[{"href":"https:\/\/www.motorradvermietung.de\/frankfurt\/pt\/wp-json\/wp\/v2\/pages\/23","targetHints":{"allow":["GET"]}}],"collection":[{"href":"https:\/\/www.motorradvermietung.de\/frankfurt\/pt\/wp-json\/wp\/v2\/pages"}],"about":[{"href":"https:\/\/www.motorradvermietung.de\/frankfurt\/pt\/wp-json\/wp\/v2\/types\/page"}],"author":[{"embeddable":true,"href":"https:\/\/www.motorradvermietung.de\/frankfurt\/pt\/wp-json\/wp\/v2\/users\/1"}],"replies":[{"embeddable":true,"href":"https:\/\/www.motorradvermietung.de\/frankfurt\/pt\/wp-json\/wp\/v2\/comments?post=23"}],"version-history":[{"count":16,"href":"https:\/\/www.motorradvermietung.de\/frankfurt\/pt\/wp-json\/wp\/v2\/pages\/23\/revisions"}],"predecessor-version":[{"id":324,"href":"https:\/\/www.motorradvermietung.de\/frankfurt\/pt\/wp-json\/wp\/v2\/pages\/23\/revisions\/324"}],"wp:attachment":[{"href":"https:\/\/www.motorradvermietung.de\/frankfurt\/pt\/wp-json\/wp\/v2\/media?parent=23"}],"curies":[{"name":"wp","href":"https:\/\/api.w.org\/{rel}","templated":true}]}}

Sobre nós

<p></p>
<p class="editor__intro">Allround Rentals é uma das empresas de aluguel de motos mais experientes da Alemanha.</p>
<p><img loading="lazy" decoding="async" class="alignright size-full" src="https://www.motorradvermietung.de/frankfurt/wp-content/uploads/sites/3/2017/11/frontapge-box-frankfurt-1.png" alt="" width="450" height="464" />Há mais de 30 anos, alugamos motocicletas &#8211; desde a motos para iniciantes, Naked, Big Trail/Adventure, Chopper, Tourer até super esportivas, você tem a opção de mais de 150 motocicletas.</p>
<p>Seja para um passeio de um dia ou a sonhada viagem pela Europa, nós temos a moto certa. Quase todas podem alugadas com malas laterais, top case e sistemas de navegação.</p>
<p>Estamos a poucos quilómetros do Aeroporto de Frankfurt, diretamente na saída Bad Homburger Kreuz na A5.<br />
Alugamos motocicletas dos fabricantes BMW, KTM, Kawasaki, Harley Davidson, Honda e Yamaha.</p>
<p>Somos motociclistas de paixão e experientes &#8211; entre em <a href="/frankfurt/pt/buchungsanfrage/">contato conosco</a>, será um prazer aconselhá-lo.</p>
<h2>Alugamos motocicletas desde 1987</h2>
<p>De choppers pequenas, Big Trails/Adventure até super esportivas. Para iniciantes, experientes e viajadores, oferecemos uma vasta variedade com uma frota de cerca 150 motocicletas. Uma lista de todos os veículos pode ser encontrada na visão geral.</p>
<p>Capacetes, jaquetas, sistemas de navegação, equipamento de chuva, malas e malas de tanque podem ser adicionadas à sua moto de escolha. Nós o equipamos, com tudo o que você precisa para o uma viajem grande ou simples passeio &#8211; clique nos acessórios.</p>
<h2>Qualidade e manutenção</h2>
<p>As motos são revisadas regularmente em nossa oficina e verificadas antes de cada entrega.</p>
<p>Fale com a gente, porque andar de moto é nossa paixão.</p>
<p><strong>Será um prazer aconselhá-lo!</strong></p>

<p>Allround Rentals é uma das empresas de aluguel de motos mais experientes da Alemanha. Há mais de 30 anos, alugamos motocicletas &#8211; desde a motos para iniciantes, Naked, Big Trail/Adventure, Chopper, Tourer até super esportivas, você tem a opção de mais de 150 motocicletas. Seja para um passeio de um dia ou a sonhada viagem [&hellip;]</p>
